4.
4
What is the remainder when 370 is divided by 22?
18
What is the remainder when 8 is divided by 2?
0
What is the remainder when 9058 is divided by 10?
8
Calculate the remainder when 1241 is divided by 23.
22
What is the remainder when 13521 is divided by 69?
66
Calculate the remainder when 83 is divided by 56.
27
What is the remainder when 133 is divided by 9?
7
What is the remainder when 560 is divided by 11?
10
What is the remainder when 20710 is divided by 139?
138
What is the remainder when 201 is divided by 9?
3
What is the remainder when 54 is divided by 18?
0
Calculate the remainder when 124 is divided by 16.
12
What is the remainder when 875 is divided by 852?
23
Calculate the remainder when 36 is divided by 24.
12
Calculate the remainder when 229 is divided by 36.
13
Calculate the remainder when 466 is divided by 12.
10
Calculate the remainder when 403 is divided by 90.
43
Calculate the remainder when 1201 is divided by 240.
1
What is the remainder when 2094 is divided by 8?
6
What is the remainder when 83 is divided by 48?
35
What is the remainder when 694 is divided by 30?
4
What is the remainder when 115 is divided by 65?
50
Calculate the remainder when 97 is divided by 23.
5
What is the remainder when 52 is divided by 31?
21
What is the remainder when 1812 is divided by 15?
12
What is the remainder when 230 is divided by 82?
66
Calculate the remainder when 113 is divided by 20.
13
What is the remainder when 247 is divided by 28?
23
What is the remainder when 238 is divided by 24?
22
Calculate the remainder when 474 is divided by 44.
34
What is the remainder when 212 is divided by 66?
14
What is the remainder when 202 is divided by 29?
28
Calculate the remainder when 3779 is divided by 31.
28
Calculate the remainder when 630 is divided by 215.
200
What is the remainder when 830 is divided by 44?
38
What is the remainder when 1315 is divided by 563?
189
What is the remainder when 1323 is divided by 495?
333
Calculate the remainder when 748 is divided by 26.
20
What is the remainder when 963 is divided by 8?
3
What is the remainder when 230 is divided by 77?
76
What is the remainder when 12156 is divided by 152?
148
What is the remainder when 1979 is divided by 12?
11
What is the remainder when 390 is divided by 96?
6
What is the remainder when 4045 is divided by 2018?
9
Calculate the remainder when 306 is divided by 276.
30
Calculate the remainder when 1334 is divided by 89.
88
Calculate the remainder when 57 is divided by 14.
1
What is the remainder when 201 is divided by 43?
29
What is the remainder when 27145 is divided by 14?
13
Calculate the remainder when 197 is divided by 49.
1
Calculate the remainder when 131 is divided by 38.
17
Calculate the remainder when 184 is divided by 56.
16
Calculate the remainder when 157 is divided by 41.
34
What is the remainder when 626 is divided by 158?
152
Calculate the remainder when 13442 is divided by 27.
23
Calculate the remainder when 6419 is divided by 10.
9
Calculate the remainder when 54338 is divided by 20.
18
What is the remainder when 76 is divided by 3?
1
What is the remainder when 738 is divided by 19?
16
What is the remainder when 74 is divided by 11?
8
What is the remainder when 3235 is divided by 14?
1
What is the remainder when 2817 is divided by 148?
5
Calculate the remainder when 1513 is divided by 66.
61
What is the remainder when 41 is divided by 9?
5
Calculate the remainder when 464 is divided by 25.
14
What is the remainder when 165 is divided by 48?
21
What is the remainder when 426 is divided by 214?
212
What is the remainder when 49 is divided by 4?
1
Calculate the remainder when 120 is divided by 43.
34
What is the remainder when 9680 is divided by 269?
265
What is the remainder when 1121 is divided by 161?
155
What is the remainder when 1110 is divided by 8?
6
Calculate the remainder when 1493 is divided by 45.
8
Calculate the remainder when 1503 is divided by 1494.
9
Calculate the remainder when 1862 is divided by 89.
82
Calculate the remainder when 168 is divided by 113.
55
Calculate the remainder when 1919 is divided by 37.
32
What is the remainder when 661 is divided by 84?
73
What is the remainder when 651 is divided by 203?
42
Calculate the remainder when 23974 is divided by 18.
16
Calculate the remainder when 620 is divided by 123.
5
Calculate the remainder when 238 is divided by 238.
0
Calculate the remainder when 144 is divided by 81.
63
What is the remainder when 155 is divided by 21?
8
What is the remainder when 116 is divided by 20?
16
Calculate the remainder when 53 is divided by 19.
15
Calculate the remainder when 298 is divided by 80.
58
What is the remainder when 344 is divided by 129?
86
Calculate the remainder when 2186 is divided by 27.
26
What is the remainder when 966 is divided by 236?
22
Calculate the remainder when 303 is divided by 81.
60
Calculate the remainder when 1076 is divided by 23.
18
Calculate the remainder when 242 is divided by 35.
32
What is the remainder when 221 is divided by 68?
17
What is the remainder when 17 is divided by 5?
2
What is the remainder when 56 is divided by 27?
2
Calculate the remainder when 18 is divided by 12.
6
What is the remainder when 269 is divided by 73?
50
What is the remainder when 1118 is divided by 124?
2
What is the remainder when 307 is divided by 98?
13
Calculate the remainder when 8 is divided by 5.
3
What is the remainder when 26794 is divided by 77?
75
Calculate the remainder when 678 is divided by 11.
7
Calculate the remainder when 129 is divided by 26.
25
What is the remainder when 755 is divided by 730?
25
Calculate the remainder when 939 is divided by 156.
3
What is the remainder when 123 is divided by 43?
37
What is the remainder when 359 is divided by 6?
5
What is the remainder when 247 is divided by 45?
22
What is the remainder when 338 is divided by 20?
18
What is the remainder when 231 is divided by 181?
50
Calculate the remainder when 166 is divided by 19.
14
Calculate the remainder when 569 is divided by 11.
8
Calculate the remainder when 118 is divided by 38.
4
What is the remainder when 216 is divided by 13?
8
Calculate the remainder when 5237 is divided by 31.
29
What is the remainder when 134 is divided by 69?
65
Calculate the remainder when 416 is divided by 7.
3
What is the remainder when 1650 is divided by 19?
16
Calculate the remainder when 4201 is divided by 82.
19
What is the remainder when 111 is divided by 45?
21
Calculate the remainder when 449 is divided by 64.
1
What is the remainder when 93 is divided by 9?
3
What is the remainder when 11674 is divided by 21?
19
Calculate the remainder when 23 is divided by 7.
2
Calculate the remainder when 94 is divided by 11.
6
Calculate the remainder when 929 is divided by 905.
24
What is the remainder when 286 is divided by 134?
18
Calculate the remainder when 246 is divided by 206.
40
Calculate the remainder when 106 is divided by 24.
10
Calculate the remainder when 284 is divided by 30.
14
Calculate the remainder when 41 is divided by 15.
11
Calculate the remainder when 264 is divided by 127.
10
Calculate the remainder when 1538 is divided by 241.
92
Calculate the remainder when 435 is divided by 55.
50
What is the remainder when 172 is divided by 35?
32
Calculate the remainder when 8678 is divided by 8.
6
What is the remainder when 1343 is divided by 8?
7
What is the remainder when 42 is divided by 38?
4
Calculate the remainder when 501 is divided by 20.
1
Calculate the remainder when 216 is divided by 195.
21
Calculate the remainder when 141 is divided by 3.
0
What is the remainder when 2884 is divided by 38?
34
Calculate the remainder when 761 is divided by 215.
116
Calculate the remainder when 2869 is divided by 115.
109
What is the remainder when 1584 is divided by 69?
66
What is the remainder when 79 is divided by 10?
9
What is the remainder when 44 is divided by 4?
0
Calculate the remainder when 291 is divided by 147.
144
Calculate the remainder when 851 is divided by 39.
32
What is the remainder when 61 is divided by 16?
13
Calculate the remainder when 2146 is divided by 240.
226
Calculate the remainder when 1984 is divided by 102.
46
What is the remainder when 843 is divided by 4?
3
What is the remainder when